lculate the greatest common factor of 776 and 1228408.
776
What is the highest common divisor of 12485 and 110?
55
What is the greatest common factor of 54 and 500706?
18
What is the greatest common factor of 286887 and 6?
3
What is the highest common divisor of 419 and 176399?
419
Calculate the greatest common divisor of 21776 and 32.
16
Calculate the highest common factor of 48 and 370392.
24
What is the greatest common divisor of 4386900 and 105?
105
Calculate the greatest common factor of 6684 and 228.
12
Calculate the highest common divisor of 39325 and 231400.
325
What is the highest common divisor of 1173 and 383316?
51
What is the greatest common factor of 551 and 296875?
19
Calculate the greatest common divisor of 12503 and 10.
1
Calculate the highest common divisor of 445915 and 15655.
505
Calculate the highest common divisor of 40908 and 3360.
84
What is the highest common factor of 252 and 856422?
126
What is the highest common factor of 5910 and 1734?
6
Calculate the highest common factor of 7412 and 544.
68
Calculate the highest common divisor of 10191071 and 11.
11
What is the greatest common divisor of 55 and 303785?
5
What is the highest common factor of 3864 and 44988?
276
Calculate the greatest common divisor of 26520 and 48.
24
Calculate the greatest common divisor of 98915 and 584.
73
Calculate the greatest common divisor of 1835 and 95.
5
Calculate the greatest common factor of 63717 and 13869.
201
Calculate the highest common factor of 278256 and 186.
186
What is the greatest common factor of 6364 and 2516?
148
What is the greatest common divisor of 437303 and 592?
37
Calculate the highest common factor of 7378 and 1309.
119
Calculate the highest common divisor of 122 and 30683.
61
Calculate the greatest common divisor of 4085 and 191565.
215
What is the highest common divisor of 2173175 and 200?
25
What is the highest common divisor of 364 and 18460?
52
Calculate the highest common divisor of 180 and 1740.
60
Calculate the highest common factor of 123704 and 235.
47
Calculate the greatest common divisor of 3904 and 146156.
244
Calculate the highest common factor of 78219 and 162.
27
What is the greatest common divisor of 1071 and 25?
1
Calculate the highest common factor of 35945 and 104.
13
What is the highest common factor of 16 and 226544?
16
What is the greatest common divisor of 39 and 146679?
39
Calculate the highest common factor of 73075 and 1580.
395
Calculate the greatest common factor of 2140 and 18260.
20
What is the greatest common divisor of 53262 and 3399?
33
What is the greatest common divisor of 5694 and 68766?
438
Calculate the highest common divisor of 134 and 102242.
134
What is the greatest common factor of 2520 and 100632?
168
Calculate the greatest common divisor of 53 and 1376675.
53
Calculate the greatest common divisor of 1486972 and 12.
4
What is the highest common divisor of 26194 and 112?
14
Calculate the greatest common divisor of 24644 and 808.
404
What is the greatest common factor of 441 and 849?
3
What is the greatest common divisor of 288984 and 24?
24
Calculate the greatest common factor of 415 and 92047.
83
What is the highest common divisor of 2673 and 1107?
27
Calculate the greatest common divisor of 4236677 and 19.
19
What is the greatest common divisor of 8073260 and 13?
13
What is the greatest common factor of 35880 and 71070?
690
What is the highest common divisor of 9 and 94219?
1
What is the greatest common divisor of 805 and 4725?
35
What is the greatest common factor of 6 and 19443?
3
Calculate the highest common factor of 33 and 1878459.
33
What is the greatest common divisor of 1170 and 223830?
90
What is the greatest common factor of 6351 and 2059?
29
What is the highest common factor of 525 and 915?
15
Calculate the greatest common factor of 1330 and 91010.
190
Calculate the highest common factor of 29378 and 2516.
74
Calculate the greatest common divisor of 477 and 43.
1
What is the highest common divisor of 15 and 1266605?
5
What is the highest common divisor of 22865 and 1002025?
1345
Calculate the greatest common divisor of 57348 and 288.
36
What is the highest common divisor of 143 and 70382?
13
Calculate the greatest common factor of 19336 and 24.
8
Calculate the greatest common divisor of 2060845 and 4724.
1181
Calculate the highest common divisor of 135 and 269370.
45
Calculate the highest common factor of 41846 and 244.
122
What is the greatest common divisor of 58095 and 135?
45
Calculate the greatest common factor of 71 and 407611.
71
Calculate the highest common factor of 50 and 34580.
10
What is the highest common factor of 1651 and 77675?
13
What is the highest common factor of 2763 and 81?
9
What is the greatest common factor of 192 and 264432?
48
Calculate the highest common factor of 107632 and 28.
28
What is the highest common divisor of 25004 and 1274?
14
What is the highest common factor of 17 and 84983?
17
What is the greatest common factor of 129 and 18546588?
129
Calculate the highest common factor of 64 and 312.
8
Calculate the highest common divisor of 1161 and 106308.
9
Calculate the greatest common divisor of 3620 and 220.
20
Calculate the highest common divisor of 2665 and 1105.
65
Calculate the highest common divisor of 4125 and 7000.
125
What is the highest common divisor of 5695 and 62815?
85
What is the greatest common divisor of 28160 and 10912?
352
Calculate the highest common divisor of 5459 and 1643.
53
Calculate the greatest common divisor of 1978 and 5504.
86
Calculate the highest common divisor of 46 and 64354.
46
What is the greatest common factor of 1137 and 12?
3
What is the greatest common factor of 113 and 2648155?
113
Calculate the highest common factor of 51144 and 30.
6
What is the highest common factor of 30 and 22780?
10
What is the highest common factor of 126 and 2742?
6
What is the greatest common factor of 119519 and 1712?
107
Calculate the highest common factor of 139515 and 15123.
213
What is the greatest common factor of 61080 and 36?
12
What is the highest common divisor of 9396 and 10498?
58
What is the highest common factor of 2280 and 30120?
120
What is the highest common factor of 1027 and 18407?
79
What is the highest common divisor of 21475 and 550?
25
Calculate the highest common factor of 2361924 and 9.
9
What is the highest common factor of 3618093 and 1163?
1163
What is the greatest common factor of 85069 and 194?
97
Calculate the highest common factor of 6233 and 13087.
23
Calculate the greatest common factor of 108 and 99396.
36
What is the highest common factor of 84 and 14385?
21
Calculate the greatest common factor of 58772 and 42.
14
Calculate the highest common factor of 552 and 2723568.
552
What is the greatest common divisor of 2048610 and 1380?
690
What is the highest common factor of 71840 and 460?
20
Calculate the highest common divisor of 198285 and 35.
5
What is the greatest common divisor of 728 and 79272?
8
What is the highest common factor of 410 and 54770?
10
Calculate the highest common factor of 4512 and 141.
141
What is the highest common factor of 66678 and 228?
6
What is the greatest common divisor of 20193 and 51092?
53
What is the greatest common factor of 808 and 2480?
8
Calculate the highest common divisor of 25143 and 1445.
289
Calculate the highest common divisor of 546675 and 25.
25
Calculate the greatest common factor of 338170 and 5.
5
What is the highest common factor of 744 and 272056?
248
Calculate the greatest common factor of 414 and 586494.
18
What is the highest common divisor of 39 and 5772?
39
Calculate the greatest common divisor of 592 and 696562.
74
What is the highest common factor of 2019875 and 110?
55
What is the highest common factor of 900 and 919980?
180
Calculate the highest common factor of 3504 and 22.
2
What is the highest common divisor of 224 and 23264?
32
Calculate the highest common factor of 16 and 34786.
2
What is the greatest common divisor of 12 and 256?
4
What is the highest common divisor of 254500 and 20?
20
What is the greatest common factor of 742 and 8791587?
371
What is the greatest common divisor of 114425 and 943?
23
Calculate the greatest common factor of 972 and 2466.
18
What is the greatest common divisor of 124 and 3260?
4
W